{"id":389,"date":"2025-01-15T18:38:54","date_gmt":"2025-01-15T17:38:54","guid":{"rendered":"https:\/\/xn--dyneducacin-zeb.com.ar\/?page_id=389"},"modified":"2026-02-04T16:42:42","modified_gmt":"2026-02-04T19:42:42","slug":"mas-sobre-nosotros","status":"publish","type":"page","link":"https:\/\/dynasesoramientoeducacional.com.ar\/index.php\/mas-sobre-nosotros\/","title":{"rendered":"Mas sobre nosotros"},"content":{"rendered":"\t\t<div data-elementor-type=\"wp-page\" data-elementor-id=\"389\" class=\"elementor elementor-389\">\n\t\t\t\t<div class=\"elementor-element elementor-element-746cf9e e-grid e-con-boxed e-con e-parent\" data-id=\"746cf9e\" data-element_type=\"container\" data-e-type=\"container\" data-settings=\"{&quot;background_background&quot;:&quot;classic&quot;}\">\n\t\t\t\t\t<div class=\"e-con-inner\">\n\t\t\t\t<div class=\"elementor-element elementor-element-6efc537d elementor-widget elementor-widget-heading\" data-id=\"6efc537d\" data-element_type=\"widget\" data-e-type=\"widget\" data-widget_type=\"heading.default\">\n\t\t\t\t<div class=\"elementor-widget-container\">\n\t\t\t\t\t<h3 class=\"elementor-heading-title elementor-size-default\">Quienes Somos<\/h3>\t\t\t\t<\/div>\n\t\t\t\t<\/div>\n\t\t\t\t<div class=\"elementor-element elementor-element-3ed7603 elementor-widget elementor-widget-heading\" data-id=\"3ed7603\" data-element_type=\"widget\" data-e-type=\"widget\" data-widget_type=\"heading.default\">\n\t\t\t\t<div class=\"elementor-widget-container\">\n\t\t\t\t\t<h6 class=\"elementor-heading-title elementor-size-default\">Somos una empresa educativa conformada por dos licenciados en educaci\u00f3n que ejercemos la docencia desde hace mas de 10 a\u00f1os. Nos formamos continuamente para poder responder a los distintos desaf\u00edos pedag\u00f3gicos, educativos y sociales que la realidad nos impone.    <\/h6>\t\t\t\t<\/div>\n\t\t\t\t<\/div>\n\t\t\t\t<div class=\"elementor-element elementor-element-f6cb2ac elementor-widget elementor-widget-heading\" data-id=\"f6cb2ac\" data-element_type=\"widget\" data-e-type=\"widget\" data-widget_type=\"heading.default\">\n\t\t\t\t<div class=\"elementor-widget-container\">\n\t\t\t\t\t<h6 class=\"elementor-heading-title elementor-size-default\">Sabemos que la educaci\u00f3n como motor de ascenso social y como generadora de ciudadan\u00eda est\u00e1 en crisis en argentina y en el mundo. Creemos que la docencia debe rediscutir su rol, reinventarse y formarse continuamente. <\/h6>\t\t\t\t<\/div>\n\t\t\t\t<\/div>\n\t\t\t\t<div class=\"elementor-element elementor-element-3a76615 elementor-widget elementor-widget-heading\" data-id=\"3a76615\" data-element_type=\"widget\" data-e-type=\"widget\" data-widget_type=\"heading.default\">\n\t\t\t\t<div class=\"elementor-widget-container\">\n\t\t\t\t\t<h6 class=\"elementor-heading-title elementor-size-default\">En este sentido creemos que en lugar de vivir con el temor de que la inteligencia artificial nos remplace, debemos utilizar la tecnolog\u00eda en nuestro beneficio, corri\u00e9ndonos del rol de informadores y pasando al de verdaderos formadores y generadores de subjetividades basadas en la empat\u00eda, la equidad y la solidaridad. <\/h6>\t\t\t\t<\/div>\n\t\t\t\t<\/div>\n\t\t\t\t<div class=\"elementor-element elementor-element-1e49311 elementor-widget elementor-widget-heading\" data-id=\"1e49311\" data-element_type=\"widget\" data-e-type=\"widget\" data-widget_type=\"heading.default\">\n\t\t\t\t<div class=\"elementor-widget-container\">\n\t\t\t\t\t<h6 class=\"elementor-heading-title elementor-size-default\">En resumen nos formamos para compartir con las instituciones educativas nuestras ideas, que si bien no son recetas ni verdades absolutas, si son planes de acci\u00f3n para hacer de la escuela un lugar mejor para quienes la habitan. <\/h6>\t\t\t\t<\/div>\n\t\t\t\t<\/div>\n\t\t\t\t<div class=\"elementor-element elementor-element-5f0dd2c elementor-widget elementor-widget-heading\" data-id=\"5f0dd2c\" data-element_type=\"widget\" data-e-type=\"widget\" data-widget_type=\"heading.default\">\n\t\t\t\t<div class=\"elementor-widget-container\">\n\t\t\t\t\t<h6 class=\"elementor-heading-title elementor-size-default\">Si te interesa nuestra forma de ver las cosas, ya sea para tu instituci\u00f3n educativa o para tu propia formaci\u00f3n docente, te invitamos a que nos conozcas mas en profundidad y te contactes con nosotros <\/h6>\t\t\t\t<\/div>\n\t\t\t\t<\/div>\n\t\t\t\t<div class=\"elementor-element elementor-element-d140bcb elementor-widget elementor-widget-heading\" data-id=\"d140bcb\" data-element_type=\"widget\" data-e-type=\"widget\" data-widget_type=\"heading.default\">\n\t\t\t\t<div class=\"elementor-widget-container\">\n\t\t\t\t\t<h3 class=\"elementor-heading-title elementor-size-default\">Algunas de las ideas que nos impulsan<\/h3>\t\t\t\t<\/div>\n\t\t\t\t<\/div>\n\t\t\t\t<div class=\"elementor-element elementor-element-fbbbc65 elementor-widget elementor-widget-heading\" data-id=\"fbbbc65\" data-element_type=\"widget\" data-e-type=\"widget\" data-widget_type=\"heading.default\">\n\t\t\t\t<div class=\"elementor-widget-container\">\n\t\t\t\t\t<h6 class=\"elementor-heading-title elementor-size-default\">El objetivo de nuestro proyecto es acompa\u00f1ar y asesorar a las instituciones educativas y a los directivos, docentes y estudiantes que las habitan en la implementaci\u00f3n de pr\u00e1cticas pedag\u00f3gicas innovadoras y transformadoras, que promuevan la formaci\u00f3n integral. <\/h6>\t\t\t\t<\/div>\n\t\t\t\t<\/div>\n\t\t\t\t<div class=\"elementor-element elementor-element-12424f1 elementor-widget elementor-widget-heading\" data-id=\"12424f1\" data-element_type=\"widget\" data-e-type=\"widget\" data-widget_type=\"heading.default\">\n\t\t\t\t<div class=\"elementor-widget-container\">\n\t\t\t\t\t<h6 class=\"elementor-heading-title elementor-size-default\">Creemos necesaria la creaci\u00f3n de comunidades educativas afectivas, solidarias, cr\u00edticas y emancipadoras, en donde la comunidad educativa se forme o reafirme su rol de ciudadanos activos y responsables en la b\u00fasqueda de una sociedad justa y equitativa, al mismo tiempo que desarrollan habilidades y competencias que les permitan enfrentar los desaf\u00edos del siglo XXI<\/h6>\t\t\t\t<\/div>\n\t\t\t\t<\/div>\n\t\t\t\t<div class=\"elementor-element elementor-element-91a705f elementor-widget elementor-widget-heading\" data-id=\"91a705f\" data-element_type=\"widget\" data-e-type=\"widget\" data-widget_type=\"heading.default\">\n\t\t\t\t<div class=\"elementor-widget-container\">\n\t\t\t\t\t<h6 class=\"elementor-heading-title elementor-size-default\">Es por eso que buscamos posicionarnos como  una empresa l\u00edder en asesoramiento educacional, reconocida por su compromiso con la innovaci\u00f3n y la transformaci\u00f3n de la educaci\u00f3n en todos sus niveles. Proyectamos un futuro en el que la educaci\u00f3n sea un verdadero derecho universal, accesible y de calidad, que permita el m\u00e1ximo desarrollo del potencial individual y colectivo de la sociedad.<\/h6>\t\t\t\t<\/div>\n\t\t\t\t<\/div>\n\t\t\t\t<div class=\"elementor-element elementor-element-b663f8a elementor-widget elementor-widget-heading\" data-id=\"b663f8a\" data-element_type=\"widget\" data-e-type=\"widget\" data-widget_type=\"heading.default\">\n\t\t\t\t<div class=\"elementor-widget-container\">\n\t\t\t\t\t<h6 class=\"elementor-heading-title elementor-size-default\">Para lograr estos objetivos creemos que no solo es necesario, sino indispensable trabajar con una serie de valores que deben ser irrenunciables. Promovemos una educaci\u00f3n integral que aborde los aspectos  cognitivos, emocionales, sociales y f\u00edsicos de los estudiantes y docentes. es por ello que valoramos como una herramienta fundamental la capacidad de comprender y compartir los sentimientos y necesidades de los dem\u00e1s. <\/h6>\t\t\t\t<\/div>\n\t\t\t\t<\/div>\n\t\t\t\t<div class=\"elementor-element elementor-element-c0cc6b4 elementor-widget elementor-widget-heading\" data-id=\"c0cc6b4\" data-element_type=\"widget\" data-e-type=\"widget\" data-widget_type=\"heading.default\">\n\t\t\t\t<div class=\"elementor-widget-container\">\n\t\t\t\t\t<h6 class=\"elementor-heading-title elementor-size-default\">Por ello en la b\u00fasqueda de equidad y justicia en la educaci\u00f3n, creemos que se debe fomentar la cooperaci\u00f3n entre docentes, estudiantes y la comunidad, trabajando en aulas heterog\u00e9neas (y fuera de ellas) con las neurodivergencias y las diversidades valor\u00e1ndolas como componentes fundamentales de la educaci\u00f3n del siglo XXI.\n\n\n<\/h6>\t\t\t\t<\/div>\n\t\t\t\t<\/div>\n\t\t\t\t<div class=\"elementor-element elementor-element-cc161fb elementor-widget elementor-widget-heading\" data-id=\"cc161fb\" data-element_type=\"widget\" data-e-type=\"widget\" data-widget_type=\"heading.default\">\n\t\t\t\t<div class=\"elementor-widget-container\">\n\t\t\t\t\t<h6 class=\"elementor-heading-title elementor-size-default\">Para que estas b\u00fasquedas tengan sentido debemos innovar constantemente. Corrernos de la imagen del docente tradicional que \"imparte conocimientos\" desde un p\u00falpito, es fundamental para generar el inter\u00e9s necesario en los estudiantes. Es por eso que estamos comprometidos con la innovaci\u00f3n y la mejora continua en nuestros servicios y programas tanto te\u00f3rica como tecnol\u00f3gicamente.<\/h6>\t\t\t\t<\/div>\n\t\t\t\t<\/div>\n\t\t\t\t<div class=\"elementor-element elementor-element-3f1c2b8 elementor-widget elementor-widget-heading\" data-id=\"3f1c2b8\" data-element_type=\"widget\" data-e-type=\"widget\" data-widget_type=\"heading.default\">\n\t\t\t\t<div class=\"elementor-widget-container\">\n\t\t\t\t\t<h6 class=\"elementor-heading-title elementor-size-default\">En concordancia con lo escrito hasta ahora tenemos un compromiso ineludible con la educaci\u00f3n sexual integral. Al respecto creemos fundamental promover la E.S.I. haciendo hincapi\u00e9 en que no solo \"habla de sexo\", sino que es una herramienta educativa que  aboga por el cuidado f\u00edsico y emocional de ni\u00f1os, ni\u00f1as y adolescentes. Por ello es fundamental priorizar sus 5 ejes: respetar la diversidad, valorar la afectividad, reconocer la perspectiva de g\u00e9nero, cuidar nuestros derechos y cuidar el cuerpo.<\/h6>\t\t\t\t<\/div>\n\t\t\t\t<\/div>\n\t\t\t\t\t<\/div>\n\t\t\t\t<\/div>\n\t\t\t\t<\/div>\n\t\t","protected":false},"excerpt":{"rendered":"<p>Quienes Somos Somos una empresa educativa conformada por dos licenciados en educaci\u00f3n que ejercemos la docencia desde hace mas de 10 a\u00f1os. Nos formamos continuamente para poder responder a los distintos desaf\u00edos pedag\u00f3gicos, educativos y sociales que la realidad nos impone. Sabemos que la educaci\u00f3n como motor de ascenso social y como generadora de ciudadan\u00eda&hellip;&nbsp;<a href=\"https:\/\/dynasesoramientoeducacional.com.ar\/index.php\/mas-sobre-nosotros\/\" rel=\"bookmark\">Leer m\u00e1s &raquo;<span class=\"screen-reader-text\">Mas sobre nosotros<\/span><\/a><\/p>\n","protected":false},"author":1,"featured_media":0,"parent":0,"menu_order":0,"comment_status":"closed","ping_status":"closed","template":"","meta":{"neve_meta_sidebar":"","neve_meta_container":"","neve_meta_enable_content_width":"","neve_meta_content_width":0,"neve_meta_title_alignment":"","neve_meta_author_avatar":"","neve_post_elements_order":"","neve_meta_disable_header":"","neve_meta_disable_footer":"","neve_meta_disable_title":"","footnotes":""},"class_list":["post-389","page","type-page","status-publish","hentry"],"_links":{"self":[{"href":"https:\/\/dynasesoramientoeducacional.com.ar\/index.php\/wp-json\/wp\/v2\/pages\/389","targetHints":{"allow":["GET"]}}],"collection":[{"href":"https:\/\/dynasesoramientoeducacional.com.ar\/index.php\/wp-json\/wp\/v2\/pages"}],"about":[{"href":"https:\/\/dynasesoramientoeducacional.com.ar\/index.php\/wp-json\/wp\/v2\/types\/page"}],"author":[{"embeddable":true,"href":"https:\/\/dynasesoramientoeducacional.com.ar\/index.php\/wp-json\/wp\/v2\/users\/1"}],"replies":[{"embeddable":true,"href":"https:\/\/dynasesoramientoeducacional.com.ar\/index.php\/wp-json\/wp\/v2\/comments?post=389"}],"version-history":[{"count":27,"href":"https:\/\/dynasesoramientoeducacional.com.ar\/index.php\/wp-json\/wp\/v2\/pages\/389\/revisions"}],"predecessor-version":[{"id":1093,"href":"https:\/\/dynasesoramientoeducacional.com.ar\/index.php\/wp-json\/wp\/v2\/pages\/389\/revisions\/1093"}],"wp:attachment":[{"href":"https:\/\/dynasesoramientoeducacional.com.ar\/index.php\/wp-json\/wp\/v2\/media?parent=389"}],"curies":[{"name":"wp","href":"https:\/\/api.w.org\/{rel}","templated":true}]}}